y.
5, 103
Suppose 2*t + 4*t = 336. Let i = 61 - t. Suppose -3*u + i*a = a - 231, -12 = -4*a. What are the prime factors of u?
3
Suppose -5936920 = 1006*a - 1212*a. List the prime factors of a.
2, 5, 11, 131
What are the prime factors of (1 - 3)/(-4)*(14172 + (0 - 14))?
7079
Suppose 225*h + 303435 = 1246819 + 499541. List the prime factors of h.
11, 53
Suppose 5*n + p = 6*n - 5, -5*p = -4*n + 21. Suppose -19 = -5*i - n. Suppose 4*b = 2*f + 216, 4*b - 65 - 147 = i*f. List the prime factors of b.
2, 7
List the prime factors of -9 + (-3 - (-16 + 12)) + 38047.
38039
Let y(l) = 13*l**2 + 18*l + 54. Let w be y(-18). What are the prime factors of (w/(-45))/(6/(-70))?
2, 7, 73
Suppose 4*y - 4*b = -6*b + 1456, -3*y + 1091 = b. Let v = 703 - y. List the prime factors of v.
2, 5, 17
Let t = 108 + -106. Suppose 3*x + 5*o = 4*x - 13, 0 = 2*x + t*o - 2. What are the prime factors of 143 + (0 - (-10 + 3) - x)?
3, 7
Suppose 4*v = v - 4*s - 666, -2*v + 5*s - 467 = 0. List the prime factors of 6 - ((-4)/4 - -6) - v.
227
Let k be -85*26/(-195) + (-1)/3. Suppose 3322 = -0*j + k*j. What are the prime factors of j?
2, 151
Let n(j) = -5906*j + 3662. What are the prime factors of n(-8)?
2, 3, 5, 1697
Let b = 84 + -86. What are the prime factors of (b/(-4))/((190/11740)/19)?
587
Let s be 65/(-10)*-2 + 2. Suppose 4*k = s*k - 5236. What are the prime factors of k?
2, 7, 17
Let w(m) = -356*m + 157. What are the prime factors of w(-6)?
2293
Let z be 5/15*9 - 1/1. Suppose 4*i - 810 = -z*i. What are the prime factors of ((-184)/(-10))/(18/i)?
2, 3, 23
Let j(m) be the third derivative of 0*m + 5/12*m**4 + 0 + 18*m**2 + 2*m**3. What are the prime factors of j(13)?
2, 71
Let h be (-2)/(18/(-133)) + 2/9. Suppose -3*x + 6984 = h*x. List the prime factors of x.
2, 97
Let o be -5 + -5 - -9 - (-166)/1. Suppose 0 = 2*q + q - 696. Let h = q - o. What are the prime factors of h?
67
Let i(c) = c**2 + c - 4. Let f be i(2). Suppose f*g + 1716 = 3*y + 382, 4*y + 5*g = 1794. What are the prime factors of y?
2, 223
Suppose 5*f = 376 + 599. Let b = f + -116. Let x = 44 + b. What are the prime factors of x?
3, 41
Let k = 17006 + -11792. List the prime factors of k.
2, 3, 11, 79
Suppose 8*r = 46*r - 144628. What are the prime factors of r?
2, 11, 173
Let j = 58 - 50. Let w(y) = y**3 - y**2 + 2*y - 4. List the prime factors of w(j).
2, 5, 23
Suppose -150820 = -5*g + l, -5*g + 165344 = -5*l + 14504. List the prime factors of g.
7, 31, 139
Let l(s) = 4838*s**3 - 4*s**2 + 19*s - 50. List the prime factors of l(2).
2, 3, 11, 293
List the prime factors of 1/4 + (-444510)/(-360).
5, 13, 19
Let s(a) = -2229*a - 843. What are the prime factors of s(-4)?
3, 13, 23
Let t(w) = w + 11. Let q be (1 + (-6)/(-9))*-6. Let y be t(q). What are the prime factors of 4/y + 35 + 3?
2, 3, 7
Suppose -11*q - 16*q = -162351. What are the prime factors of q?
7, 859
What are the prime factors of 1621*(-2 + 3) + 56/7 + -7?
2, 811
Suppose 0 = 4*n + 12. Let r = -2669 - -2673. List the prime factors of n/(-4) - (-441)/r.
3, 37
Let o = 18277 + -2157. List the prime factors of o.
2, 5, 13, 31
Let a be (-28)/8*(-84)/49. Suppose -a*o - 1119 = 321. Let d = o - -493. List the prime factors of d.
11, 23
Let y(n) = 1684*n**2 + 73*n - 317. List the prime factors of y(6).
5, 12149
Let r(v) = 1136*v - 717. List the prime factors of r(14).
15187
Suppose -4*q + 4 = 0, 5*c + 6*q + 450 = q. Suppose 16*l + 1101 = 109. Let a = l - c. What are the prime factors of a?
29
Suppose 17 = k - 5*z, 6*k + 3*z = k + 1. Suppose -4*r + k*f + 43 + 283 = 0, 5 = f. What are the prime factors of r?
2, 3, 7
Suppose -21725 = -21*d + 18*d + 8*r, 28994 = 4*d + 3*r. What are the prime factors of d?
7247
Suppose 464*u = 433*u + 626975. What are the prime factors of u?
5, 809
Let c(x) = x**3 - 33*x**2 - 121*x + 1762. What are the prime factors of c(37)?
11, 251
Let c(n) = 5*n**3 + 28*n**2 - 249*n - 66. What are the prime factors of c(15)?
2, 3, 3229
Let z(i) = -78*i + 91. Let f(h) = h**3 + 4*h**2 - 18. Let w be f(0). List the prime factors of z(w).
5, 13, 23
Let g = 2 + -10. Let m(c) = 27 - 50 - 19*c + 9*c. What are the prime factors of m(g)?
3, 19
Let n(x) = x**3 + 69*x**2 + 100*x - 741. List the prime factors of n(-60).
3, 2851
Suppose 0 = 2*w - 34. Suppose 140 = -n + w. Let b = -65 - n. What are the prime factors of b?
2, 29
Let i be 1 + -4 + (-30)/(-2) + -4. Suppose i*t = -7*t + 90. Suppose 0 = t*x - 84 - 12. List the prime factors of x.
2
Let o = 23035 + -9337. List the prime factors of o.
2, 3, 761
Let j(t) = -5*t + 13. Let s(q) = q - 1. Let p(n) = 4*n - 11. Let r(l) = -p(l) - 2*s(l). Let z(g) = 4*j(g) - 3*r(g). List the prime factors of z(-11).
5, 7
Let i(a) = a**3 - 6*a**3 + 6*a**3 - 4 - 5 + 16*a - 8*a**2. List the prime factors of i(10).
3, 13
Let x be 561*10/(-15) - 4. Let o = x - -649. Suppose 0 = -2*r + o + 131. List the prime factors of r.
3, 67
Suppose -2*q + 3*q + 16 = 0. Let j = q + 117. What are the prime factors of j?
101
Suppose -4*j - 10 = -6*j + 4*n, 4*j + 4*n - 44 = 0. Suppose -y - j = -4*y. Suppose -f = -102 - y. What are the prime factors of f?
3, 5, 7
Let l(t) = t**2 - 12*t + 7. Let n(p) = 2*p**2 - 23*p + 13. Let u(x) = -7*l(x) + 4*n(x). Let v be u(-6). Suppose 2*q = 3*q - v. List the prime factors of q.
3, 29
Let j be -144241 - 2 - (-5 - -5). What are the prime factors of j/(-330) + (-2)/20?
19, 23
Let j = 1637 - 1082. Suppose -1420 = -5*k - j. Suppose z - 3*r = 173, 5*r = -z + 2*r + k. List the prime factors of z.
173
Let z(x) = x + 3. Let b(d) = 290*d + 115. Let u(q) = b(q) - 4*z(q). What are the prime factors of u(5)?
3, 7, 73
Let w(m) = m**2 - 1. Let x(t) = -t**2 - t. Let b(g) = -2*w(g) - 3*x(g). Let n be b(-2). Suppose -9*a + n*a = -1476. List the prime factors of a.
2, 41
Let t be (-27)/(-12) - (2 - (-28)/(-16)). Let b be 3*5/3*8/(-40). List the prime factors of (-9)/(t*b/2).
3
Let h = 63398 - 0. List the prime factors of h.
2, 31699
Suppose 156 + 108 = 3*h. Let j = 213 - h. List the prime factors of j.
5
Suppose 1251*a - 1254*a = -21450. What are the prime factors of a?
2, 5, 11, 13
Suppose 17*k - 20*k + 57 = 0. Suppose -4*t = k - 35. What are the prime factors of (-1 + -1)/(t/(-14))?
7
Let j(l) = -3*l**3 - 9*l**2 + 6. Let o(a) = -a**3 - a**2 - 1. Let x(c) = j(c) - 2*o(c). Let n be x(-10). Suppose 61 = -q + n. List the prime factors of q.
13, 19
Let h be 12/14 - 90/(-42). Suppose r = -h*d + 210, -5*d + r = 6*r - 340. What are the prime factors of d?
71
What are the prime factors of ((-233578)/(-9) - -4) + 27/(-243)?
101, 257
Let w be ((-3)/1)/(-2 - 11/(-4)). Let u(r) = -8*r**3 - r**2 + 4*r + 14. What are the prime factors of u(w)?
2, 13, 19
Let h(x) = 10*x**2 + 10*x + 71. List the prime factors of h(26).
7, 1013
Let p be ((-3381)/(-6))/((-14)/28). Let x = p + 1668. List the prime factors of x.
541
Suppose 29*u + 206*u - 8531232 = -1790727. List the prime factors of u.
3, 3187
Let d be (1 - 7)*((-369)/18 - -17). Suppose -4*x - 3*j = 187, 4*x + 2*j + 61 = -129. Let g = d - x. What are the prime factors of g?
2, 5, 7
Let q(o) = 144*o - 3. Let u be q(5). Suppose 7*k = u + 249. Suppose x = 7*x - k. List the prime factors of x.
23
Suppose 31*k = 38*k - 10472. List the prime factors of k.
2, 11, 17
Let g = 5671 - -3235. What are the prime factors of g?
2, 61, 73
Let a(r) be the second derivative of 59*r**4/6 + r**3/2 + r**2 - 43*r. What are the prime factors of a(-2)?
2, 3, 13
Let j = -63 + 64. Suppose 0 = -5*u - 2*r - 0*r - j, -2*u - 2*r + 2 = 0. List the prime factors of 103 - ((u - 4) + 3).
3, 5, 7
Let s(a) = 3*a - 11. Let l be s(6). Suppose -l = -7*u + 63. Suppose -u*w = -9*w - 105. List the prime factors of w.
3, 5, 7
Suppose 5*g = -5*z + 2*g + 1567, 3*g = -3. Suppose 10*o - z = -4. What are the prime factors of o?
31
What are the prime factors of (18 + -16)*(-4434)/(-9)*90/24?
5, 739
List the prime factors of (-20541 + -40 + 17)*9/(-12).
3, 53, 97
Suppose 3*q + 106478 = 5*j, -5906 = -j - 3*q + 15386. List the prime factors of j.
5, 4259
Suppose a - 1595 = -4*h, 3*a + 2955 = 5*h + 940. Suppose h = -0*y + 5*y - 5*m, 0 = 3*y - 4*m - 244. List the prime factors of y.
2, 19
Let h(c) = 3*c**2 - c + 20. Let k = -99 - -46. Let l be k*(-3)/15 - 3/5. List the prime factors of h(l).
2, 5, 31
Let i be (-1)/(5/(-65)) + -3. Let r(m) = -m**3 + 